 = 20*f - 2*p + 5, -2*p = -f - 3. What is the tens digit of f*(-1183)/2 - (-4)/(-8)?
9
Let a(d) = -d**2 - 2*d + 82. Let q be a(-10). Suppose -5002 = -4*y - 0*r + q*r, 4*y = 5*r + 4993. What is the hundreds digit of y?
2
Suppose -2*i = -5*y - 13, -3*y + 2*y + 4*i = 17. Let x(l) = -31*l**3 - l**2 + l + 2. Let q be x(y). Let d = q + 37. What is the tens digit of d?
6
Let k = -230 + 253. Suppose 6*u = k*u - 15232. What is the tens digit of u?
9
What is the tens digit of (792/(-30))/(32/(-41680))?
8
Let i = -24358 - -45549. What is the thousands digit of i?
1
Let h(o) = 410*o - 5029. What is the tens digit of h(24)?
1
Suppose -6*w - 461 = 823. What is the hundreds digit of 3*(-3 - ((-2)/(-1) + w))?
6
Suppose -2101 = -l - r, 5*r = -2*l + 3191 + 1020. Let z = -493 + l. What is the thousands digit of z?
1
Suppose -8 = -2*h - 0. Suppose 0 = -h*p + 9*p + 5. What is the units digit of p - (-1)/((-4)/(-72))?
7
Let g = 71 - -1. Let n be (g/(-10))/((-6)/15). Let k(c) = 2*c**3 - 35*c**2 - 16*c + 14. What is the tens digit of k(n)?
5
Let z = 65238 - -8977. What is the units digit of z?
5
Let o(j) be the third derivative of 5*j**4/24 + j**3/3 - 2*j**2. Let h be o(-5). Let k = h - -62. What is the units digit of k?
9
What is the units digit of -8 - 735330/(-24) - 9/(-36)?
1
Let d = 184 + 419. Let f = -454 + d. What is the tens digit of f?
4
Let i = 78 + -113. Let o = -52 + 45. What is the hundreds digit of 168 - 0 - i/o?
1
Let c = 275 - 102. Suppose f - 296 = c. What is the hundreds digit of f?
4
Let g(r) = 259*r**2 + 74*r - 629. What is the units digit of g(8)?
9
Suppose -129*d = 70*d + 44*d - 12381093. What is the units digit of d?
1
Suppose 5498 = 6*a - 4900 - 4230. What is the units digit of a?
8
Suppose -11091*r + 11052*r = -488826. What is the tens digit of r?
3
What is the thousands digit of 8/(-24) + (-169660)/(-30)?
5
Suppose 2 + 13 = 5*l. Suppose -10 = 43*t - 53. What is the units digit of (t - l)/(2/(-20))?
0
Let r(p) = -p**2 + 36*p + 47. Suppose 0 = -m - 3*i + 16, -3*m = 4*i - 0*i - 63. What is the hundreds digit of r(m)?
3
Let u = -682 + 14901. What is the hundreds digit of u?
2
Let t = 14961 + 2428. What is the units digit of t?
9
Let k = -5553 + 17523. What is the tens digit of k?
7
What is the tens digit of ((-6)/(-9)*(-4905)/(-15))/((-4)/(-458))?
6
Let c(q) = -q**2 + 314*q - 658. What is the hundreds digit of c(139)?
6
What is the tens digit of (-3923337)/(-976) + (-12)/(-64)?
2
Let j(a) = a**3 + 29*a**2 + 13*a - 24. Let z be j(-28). Let g = -108 + z. What is the tens digit of g?
8
What is the thousands digit of (-43 + 2)*(7/(-2))/((-2)/(-536))?
8
Suppose -1321 = -3*o + y, -3*o - y = 2*o - 2215. Let j = o + 41. What is the hundreds digit of j?
4
Let f be (8 - 22/8)*584/3. Suppose 5*u = -2*c + f, 8*c + 2*u - 2597 = 3*c. What is the hundreds digit of c?
5
What is the thousands digit of 2543/((-1)/(164/(-12))) + (-37)/111?
4
Suppose -2937 = -18*m + 143223. What is the thousands digit of m?
8
Let r = 11146 + -4590. What is the thousands digit of r?
6
Let q = 105 + -35. Let n be 1818/7 + (-102)/(-357). Let i = n - q. What is the hundreds digit of i?
1
Let x = -9779 + 6955. Let y = -1593 - x. What is the hundreds digit of y?
2
Suppose 4*u - 24 = 0, -2362 = -23*x + 21*x - 5*u. What is the hundreds digit of x?
1
Let u be 1 + (7 - (6 + -2)) + -19. Let r = u - -40. What is the units digit of r?
5
Suppose 119 = 3*t - 172. Let s = t + -118. What is the tens digit of 14/s + (-182)/(-3)?
6
Let v = 6016 - -541. What is the units digit of v?
7
Let j = 4370 - 3745. What is the tens digit of j?
2
Let w = -152 - -140. Let o(x) = x**2 - 6*x + 29. What is the units digit of o(w)?
5
Let w = -10489 + 19067. What is the tens digit of w?
7
Suppose -2*j = -3*y - 136, y - 226 = 6*y - 4*j. Let f = -1347 - -1415. Let l = y + f. What is the units digit of l?
2
Suppose -4*p = 4*q - 30 - 2, 2*q + p = 16. Suppose -27*z - 4355 = 1423. Let r = q - z. What is the tens digit of r?
2
Let u(c) = 14*c**3 - 2*c**2 + 5*c - 1. Let p(o) = -13*o. Let g be p(4). Let t be 3/(-2)*g/39. What is the hundreds digit of u(t)?
1
Suppose -2*f + 182331 - 58662 = 7*f. What is the ten thousands digit of f?
1
Suppose -22*v - 37180 = -35*v. What is the tens digit of v?
6
Let y(z) = -449*z + 2360. What is the hundreds digit of y(-14)?
6
Let j(c) = 2*c**3 + 49*c**2 - 18*c - 7. Let g be j(-21). Suppose -2*i + 3*s + 3434 = -0*s, 2*i + 3*s = g. What is the thousands digit of i?
1
Let c be (2/(-4) - 735/6)*-1. Let h = c + -72. Suppose -114 = -5*o + h. What is the tens digit of o?
3
Let x = -10975 + 18613. What is the hundreds digit of x?
6
Let r = 174 - 114. Let t = 170 - r. What is the units digit of t?
0
Suppose 8*q + 5145 = 13*q. Let w = q - 365. What is the units digit of w?
4
What is the hundreds digit of (34/8 - (-6)/8) + 608 + 59?
6
Let a(z) = 54158*z + 928. What is the thousands digit of a(1)?
5
Let a = -45 - -50. Suppose -a*o - 3*o + 88 = 0. Let u = o - -27. What is the units digit of u?
8
Suppose -5*a = -2*r - 3*r - 25, 22 = 5*a - 4*r. Let q(f) = 2*f**3 + 2*f - 5. Let u be q(a). What is the units digit of 3/u*63*10?
6
What is the hundreds digit of 88 - 90 - -2864*(-41)/(-2)?
7
Suppose 12*z = 13*z + n + 73939, 3*n - 369735 = 5*z. What is the units digit of z/(-52) - (1 - (0 - -2))?
3
Let o be -4 - ((-8)/1 - -14). What is the units digit of ((-4)/(-6))/(o/(-10740))?
6
Let u(q) = -34*q + 16. Suppose -4*j = 4*a + 356, j + 418 = -5*a + 5*j. Let s = 81 + a. What is the units digit of u(s)?
6
Let m = 248 - 267. Let j = m + 229. What is the hundreds digit of j?
2
Let g(m) = 2*m**2 - 6*m - 28. Let u be g(8). What is the units digit of 15054/u - 5/2?
7
Suppose -68785 = -4*b + 5*a, -5*a + 2*a = -4*b + 68775. Suppose 10*p = -5*p + b. What is the thousands digit of p?
1
Suppose 0 = -7*r + 15*r - 7096. Let d = r - -7. What is the hundreds digit of d?
8
Suppose z + 2*j - 15 = 0, 8*z + 5 = 7*z + 2*j. Let q(o) = 64*o + 20. What is the units digit of q(z)?
0
Let o = -104 + 109. Suppose j = 4*t + o + 10, -5*j + 3*t + 7 = 0. What is the units digit of (-53)/(-159) + j/(6/(-550))?
2
Let w(b) = b**3 - 4*b**2 - 19*b - 12. Let f be w(7). Suppose -2*j = 6*v - 9*v - 1270, -8 = f*v. What is the hundreds digit of j?
6
Let n be (-2)/2 - (-20)/(-2 - -7). Suppose 0 = -y - 3, n*f = -4*y + 1862 + 1582. What is the thousands digit of f?
1
Let n(s) = 130*s**2 - 19*s - 84. Let j be n(-7). Suppose j + 3556 = 21*a. What is the tens digit of a?
7
Suppose -31*n + 110531 = 1312 - 145725. What is the tens digit of n?
2
Let y(s) = 14*s. Let q be y(13). Let b = q + -14. Suppose 0 = -3*g - c + b, 0*g - 5*g - 3*c = -280. What is the tens digit of g?
5
Let h be 1498/10 + (-2)/(-10). Let p(g) = -g**2 + 30*g + 562. Let i be p(43). Suppose -i*v + 156 = -h. What is the units digit of v?
2
Let i = -10071 + 15377. What is the hundreds digit of i?
3
Let u = 103 + -101. Suppose 2 = -u*h, x - 5*x + 383 = 5*h. Let o = 174 - x. What is the units digit of o?
7
Suppose -2*k + 5*r = 3*k - 75, 2*r + 90 = 5*k. Suppose k = 2*u - 6*u. Let z(d) = 3*d**2 - 7*d - 13. What is the units digit of z(u)?
7
Suppose 0 = -303*c + 215*c + 1202960. What is the tens digit of c?
7
Let x = 83 - 78. Suppose 15*s - 3760 = -x*s. What is the hundreds digit of s?
1
What is the ten thousands digit of (-1 - 7) + (-9)/36 + (-2845544)/(-32)?
8
Let d = 4772 + 9165. What is the hundreds digit of d?
9
Let f = -404 + 404. Suppose -2*c - 2*z + 130 = f, 4*c - 150 = z + 130. What is the units digit of c?
9
Suppose -19213 = -5*y - 5*c + 9337, 0 = 4*y - 4*c - 22872. What is the hundreds digit of y?
7
Suppose -4*y = -3*g - 40410, -33*y = -28*y + 3*g - 50553. What is the thousands digit of y?
0
Let o be (21/9 - 3)/((-14)/12453). Let f = o - 295. What is the units digit of f?
8
Suppose -15200485 = -163*a + 101*a - 347*a. What is the ten thousands digit of a?
3
Let m = 3156 + -2576. What is the tens digit of m?
8
Suppose -75*k + 2936398 = 24*k - 2560280. What is the units digit of k?
2
Suppose -35155 - 1749 = -7*f. What is the thousands digit of f?
5
Let u(r) = 29*r + 40 - 40 - 12 + 470. What is the units digit of u(0)?
8
Let h be 3/27*-3*-201. Let x = -67 + h. Suppose 2*l + 3*a - 138 = a, x = -4*l - 2*a + 282. What is the tens digit of l?
7
Suppose -39*m = -46*m + 543186. What is the thousands 